culate the greatest common divisor of 9002 and 14.
14
What is the greatest common divisor of 302 and 4?
2
What is the greatest common divisor of 12 and 7146?
6
What is the greatest common divisor of 364 and 7540?
52
Calculate the greatest common factor of 6 and 5328.
6
What is the highest common divisor of 1475 and 50?
25
Calculate the highest common factor of 18 and 495.
9
Calculate the highest common factor of 3842 and 102.
34
Calculate the greatest common divisor of 272 and 204.
68
Calculate the greatest common factor of 15521 and 374.
187
What is the highest common divisor of 304 and 48?
16
What is the highest common factor of 876 and 264?
12
Calculate the highest common divisor of 9 and 603.
9
What is the highest common factor of 234 and 18?
18
Calculate the highest common divisor of 408 and 7242.
102
What is the highest common factor of 26 and 2?
2
Calculate the highest common divisor of 15 and 12.
3
What is the greatest common divisor of 6 and 1401?
3
Calculate the greatest common divisor of 11140 and 10.
10
Calculate the highest common divisor of 2 and 10.
2
Calculate the highest common factor of 2 and 5674.
2
Calculate the highest common divisor of 108 and 162.
54
What is the highest common divisor of 48 and 18?
6
Calculate the highest common factor of 1710 and 90.
90
Calculate the highest common divisor of 28 and 2164.
4
What is the highest common divisor of 71 and 426?
71
What is the greatest common factor of 5149 and 542?
271
What is the highest common divisor of 318 and 6?
6
Calculate the greatest common factor of 960 and 15.
15
Calculate the highest common factor of 112 and 434.
14
What is the highest common divisor of 304 and 38?
38
Calculate the highest common factor of 380 and 220.
20
Calculate the highest common factor of 96 and 492.
12
Calculate the greatest common divisor of 1628 and 44.
44
What is the greatest common factor of 6 and 42?
6
What is the greatest common factor of 890 and 20?
10
Calculate the highest common divisor of 848 and 106.
106
Calculate the highest common divisor of 11 and 10967.
11
What is the highest common factor of 3477 and 19?
19
What is the highest common divisor of 106 and 424?
106
Calculate the highest common divisor of 34240 and 320.
320
Calculate the highest common factor of 46 and 575.
23
Calculate the highest common factor of 88 and 132.
44
What is the greatest common factor of 806 and 62?
62
Calculate the greatest common divisor of 375 and 3.
3
What is the greatest common factor of 72 and 7146?
18
What is the highest common divisor of 40 and 40?
40
What is the greatest common divisor of 561 and 396?
33
What is the greatest common factor of 97091 and 79?
79
What is the highest common divisor of 255 and 30?
15
Calculate the highest common factor of 50 and 725.
25
What is the highest common divisor of 780 and 2145?
195
What is the highest common divisor of 40 and 310?
10
What is the greatest common factor of 40 and 2210?
10
Calculate the highest common factor of 9 and 351.
9
Calculate the highest common factor of 952 and 168.
56
What is the greatest common divisor of 75 and 53925?
75
What is the greatest common divisor of 632 and 216?
8
Calculate the greatest common divisor of 493 and 34.
17
Calculate the greatest common divisor of 2345 and 105.
35
Calculate the greatest common divisor of 889 and 21.
7
Calculate the greatest common factor of 75 and 6225.
75
Calculate the highest common factor of 1675 and 67.
67
Calculate the highest common divisor of 410 and 15.
5
What is the greatest common factor of 20 and 2290?
10
What is the greatest common factor of 552 and 12?
12
Calculate the greatest common factor of 12 and 948.
12
Calculate the highest common divisor of 100 and 160.
20
Calculate the highest common divisor of 6 and 3414.
6
Calculate the highest common factor of 4484 and 76.
76
Calculate the highest common factor of 32 and 16624.
16
Calculate the highest common divisor of 21 and 77.
7
What is the highest common divisor of 17 and 646?
17
What is the highest common factor of 86 and 129?
43
What is the greatest common factor of 720 and 10240?
80
Calculate the highest common factor of 8832 and 16.
16
Calculate the highest common divisor of 60 and 29904.
12
Calculate the highest common factor of 31313 and 346.
173
What is the highest common divisor of 644 and 84?
28
Calculate the highest common divisor of 3725 and 75.
25
What is the greatest common factor of 2 and 164?
2
What is the highest common divisor of 80 and 464?
16
Calculate the greatest common factor of 98 and 112.
14
Calculate the highest common factor of 2 and 10.
2
Calculate the highest common factor of 4257 and 99.
99
Calculate the greatest common divisor of 2265 and 15.
15
What is the greatest common divisor of 713 and 93?
31
Calculate the greatest common factor of 39 and 65.
13
What is the highest common divisor of 3300 and 810?
30
Calculate the greatest common factor of 645 and 27305.
215
What is the greatest common divisor of 22 and 110?
22
What is the greatest common divisor of 1235 and 1755?
65
Calculate the highest common divisor of 2806 and 1098.
122
Calculate the highest common factor of 98 and 343.
49
What is the greatest common factor of 4366 and 1298?
118
What is the highest common divisor of 897 and 69?
69
What is the highest common factor of 504 and 112?
56
Calculate the greatest common divisor of 21 and 51.
3
Calculate the highest common divisor of 41 and 13448.
41
What is the greatest common divisor of 127 and 2413?
127
Calculate the greatest common factor of 756 and 216.
108
Calculate the greatest common factor of 280 and 1624.
56
What is the highest common divisor of 3888 and 48?
48
Calculate the highest common divisor of 104 and 299.
13
Calculate the highest common divisor of 14 and 52.
2
What is the highest common factor of 528 and 242?
22
What is the highest common factor of 1100 and 88?
44
Calculate the greatest common divisor of 391 and 161.
23
What is the highest common divisor of 16307 and 92?
23
What is the highest common factor of 57 and 741?
57
Calculate the highest common divisor of 242 and 22.
22
What is the highest common divisor of 8412 and 36?
12
What is the highest common factor of 501 and 5344?
167
What is the highest common divisor of 10 and 530?
10
Calculate the greatest common divisor of 1529 and 451.
11
Calculate the greatest common divisor of 40421 and 83.
83
Calculate the greatest common factor of 5274 and 18.
18
What is the highest common divisor of 828 and 72?
36
Calculate the greatest common factor of 1898 and 78.
26
Calculate the highest common factor of 18606 and 84.
42
Calculate the highest common divisor of 40 and 2410.
10
What is the highest common factor of 4116 and 84?
84
What is the greatest common factor of 45 and 60?
15
What is the greatest common divisor of 31 and 155?
31
Calculate the highest common factor of 8 and 2080.
8
What is the highest common factor of 42 and 70?
14
What is the highest common factor of 48 and 264?
24
What is the highest common divisor of 187 and 442?
17
What is the greatest common divisor of 812 and 7076?
116
What is the greatest common factor of 153 and 9486?
153
What is the greatest common divisor of 11 and 14?
1
Calculate the highest common factor of 16 and 6776.
8
What is the greatest common factor of 60 and 288?
12
Calculate the highest common factor of 5211 and 81.
27
Calculate the greatest common factor of 6 and 141.
3
Calculate the greatest common divisor of 369 and 1968.
123
What is the highest common factor of 10 and 182?
2
What is the highest common factor of 208 and 1300?
52
Calculate the greatest common divisor of 10341 and 27.
27
Calculate the highest common factor of 1694 and 1001.
77
Calculate the greatest common factor of 130 and 9490.
130
Calculate the greatest common factor of 40 and 32.
8
What is the greatest common divisor of 48 and 33?
3
Calculate the highest common factor of 1012 and 184.
92
What is the highest common divisor of 522 and 6?
6
Calculate the highest common factor of 108 and 2538.
54
Calculate the highest common factor of 1729 and 260.
13
What is the greatest common factor of 37982 and 14?
14
Calculate the highest common divisor of 52 and 2548.
52
Calculate the greatest common divisor of 20 and 540.
20
What is